
Let f be (497 - -13)*(-8)/(-16). Calculate the highest common divisor of 1887 and f.
51
Let v be 5/(-2)*(8 - (-396)/(-45)). Let u(c) = 67*c + 6. Let h be u(v). Calculate the greatest common factor of h and 35.
35
Let p = -173 - -109. Let d be (-32)/p - 27/(-2). What is the greatest common factor of 182 and d?
14
Suppose 0 = -o - 11 + 66. Let m(d) = 11*d + d**3 + 38 + 2*d + 8*d + 15*d**2 + 10*d**2. Let w be m(-24). Calculate the greatest common divisor of o and w.
55
Let p = -4922 + 4976. Calculate the greatest common factor of 2295 and p.
27
Let y be 1*-4405*(-6)/30. Suppose -y - 47 = -29*g. What is the greatest common factor of 104 and g?
8
Let i = 9321 - 9221. Calculate the greatest common divisor of i and 1450.
50
Suppose -1259 = -2*p - 3*x, -219 = 4*p + 3*x - 2734. Let t = 649 - p. What is the greatest common factor of t and 14?
7
Let o = -435 + 549. Let h = o + -102. What is the highest common divisor of h and 28?
4
Suppose -12*b = 6*b - 1854. Suppose -12*l + 197 = -b. Calculate the greatest common divisor of 575 and l.
25
Let f be (-7 - 0) + (423 - 406). Let i = 61 + -16. What is the highest common factor of f and i?
5
Let r be (-14)/(-7) + -7 + 1. Let g be 72/21 + r + 2984/28. What is the highest common divisor of 2 and g?
2
Let l(g) = -g**2 + 21*g + 15. Let o be l(12). Suppose -51 = -2*y + o. Suppose 348 = 15*f - 3*f. What is the highest common divisor of y and f?
29
Let u be 3*(-6 + 910/42). What is the highest common divisor of u and 5123?
47
Let n be (-17)/(33/22*3/18). Let p = n - -78. What is the highest common divisor of 320 and p?
10
Let p(k) = 2*k + 8. Let v be p(-4). Suppose -4 = 2*f - 4*f. Suppose -f*y = -i - v*i - 64, 80 = 2*y - 5*i. Calculate the greatest common divisor of 12 and y.
6
Let x(z) = -2*z**2 + 91 - 12*z - 2*z - 98 - 3*z. Let h be x(-8). Calculate the greatest common factor of h and 32.
1
Let p be 56/(-476) - (-2)/(-34)*-240. Suppose 2*h - 3*b = -p + 102, 3*b = 5*h - 238. What is the greatest common divisor of h and 175?
25
Suppose 4*r - 22*r + 2583 = 3*r. Calculate the highest common factor of r and 697.
41
Let i(j) = -3*j**3 - 10*j**2 + 18*j + 20. Let y be i(-9). Suppose 0 = -12*l + 493 + y. Calculate the highest common divisor of l and 80.
16
Let k = 2567 + -1540. Suppose x - 1032 = -14*n + 16*n, -n = -x + k. What is the highest common factor of x and 14?
14
Let z = 58 + -69. Let r be -5 - -3 - z/((-22)/(-76)). What is the highest common factor of 12 and r?
12
Let z(l) = 61*l + 24. Let c be z(-5). Let v = c - -371. What is the highest common factor of 20 and v?
10
Let u = -364 - -369. Let y be (-1 - (-4 + u))*-1. What is the highest common divisor of y and 86?
2
Let b(v) = -9*v**2 + v + 53. Let m be b(-8). Let r = -360 - m. What is the highest common factor of 76 and r?
19
Suppose 13*x - 402 = 183. Suppose 48*v = x*v + 84. What is the greatest common factor of v and 98?
14
Let f be -4 - (-18)/8*-244. Let h = f - -1497. Calculate the greatest common factor of h and 59.
59
Suppose -7*m + 36 + 9 + 67 = 0. Calculate the greatest common divisor of m and 388.
4
Let n(f) = 7*f**2 + 7*f + 340. Let t be n(19). Calculate the greatest common factor of 50 and t.
50
Suppose -16*k = -0*k - 1152. Suppose -6*v + 4*v + 5*a - 133 = 0, -3*a = 2*v + 93. Let c = 108 + v. What is the greatest common divisor of c and k?
18
Let a = 0 - -2. Suppose a*w - 4*w = -18. Let s be w*(15/3)/((-4)/(-20)). What is the highest common factor of 25 and s?
25
Let n = 68 - 72. Let d be -2 - 1/(n/(-184)). Let a be ((-27)/(-18))/(2/(-4)) - d. Calculate the highest common divisor of a and 15.
15
Suppose c + 4*v + 29 = 0, v - 26 - 35 = 5*c. Let x be 18/(-8)*192/16. Let o = c - x. What is the highest common factor of o and 98?
14
Suppose -17167 = -11*x + 3*q, -x + 902 = 5*q - 685. Calculate the greatest common divisor of x and 4970.
142
Let o(l) = 13*l + 893. Let b be o(-23). What is the highest common divisor of 504 and b?
18
Let k = -8 - -20. Let v = 772 - 512. Let p be (v/39)/((-1)/(-3)). What is the highest common factor of p and k?
4
Let f be ((-261)/(-783))/(1/32721). Calculate the highest common divisor of f and 26.
13
Let t(h) = h**3 + 15*h**2 - 16*h - 30. Let w be t(-16). Let q = 39 + w. Suppose 0 = 6*f - q*f + 39. Calculate the highest common factor of f and 312.
13
Suppose -4*h = -13*f + 11*f + 476, -3 = -3*h. Let x = 784 - f. Calculate the highest common divisor of x and 8.
8
Let l = -4485 + 4557. What is the greatest common factor of 168 and l?
24
Let n(w) = -12*w + 11. Let f be n(4). Let r be (-4 + 1)/(3/f). Let y = r - 21. Calculate the highest common divisor of 112 and y.
16
Let f = -182 - -840. Suppose 3*t - t = f. What is the highest common divisor of 47 and t?
47
Let q be (-77118)/(-54) - (-38)/(-342). What is the greatest common divisor of q and 96?
12
Let h be 2/(-4) + (-11)/2. Let g(b) = -b**3 - b**2 - 15*b - 18. Let v be g(h). Calculate the greatest common divisor of v and 28.
28
Suppose j + s = -2, -6*j + 3*s + 12 = -3*j. Let p(k) = 11*k**2 + k. Let o be p(j). Let a = 4371 + -4353. Calculate the greatest common divisor of a and o.
6
Let c(w) = w**3 - 2. Let l be c(2). Suppose -3*s + 21 = l. What is the greatest common divisor of 5 and s?
5
Let a(v) = v**3 + 87*v**2 - 2*v - 144. Let q be a(-87). Calculate the greatest common factor of 5010 and q.
30
Let n be ((-4)/6)/((-58)/261). Suppose 0*t - t + 3*x + 119 = 0, 595 = 5*t - n*x. Let y be (-164)/(-10) + 3/5. What is the highest common factor of t and y?
17
Suppose -4*l + y - 143 = 30, -235 = 5*l + 5*y. Let j = -48 - l. Let m(z) = z**2 - 5*z - 1. Let w be m(j). What is the greatest common divisor of 10 and w?
5
Let a = 40 + -13. Let t(f) = 40*f - 130. Let o be t(4). Suppose -o*c - 36 = -32*c. What is the greatest common divisor of a and c?
9
Let z(o) = -11 + 7*o**2 - 4*o**3 + 0*o**3 - 4*o**3 - 21*o + 9*o**3. Let l be z(-9). Calculate the highest common divisor of 8 and l.
8
Let s = 1761 - 1421. What is the greatest common divisor of s and 260?
20
Suppose 0 = -31*h + 2229 - 214. Suppose h*l = -2*c + 66*l + 93, 4*c - 5*l = 195. What is the highest common divisor of 30 and c?
15
Suppose -72 + 9 = -2*h + 3*l, 3*h + 3*l = 102. Suppose -5*v - 539 = -a - 2359, -2*v + 2*a = -736. Calculate the greatest common divisor of h and v.
33
Let q be (-1)/5 - (888342/35)/(-26). What is the greatest common factor of 16 and q?
16
Let k = -51 + 52. Let f be (k - -1 - 1)*-3 + 1. Let q be f/3 + (-4)/18*-75. Calculate the greatest common factor of 80 and q.
16
Suppose 107*m + 55*m = 99507 + 62493. Calculate the greatest common divisor of m and 35.
5
Suppose -181*p + 10303 = -59*p - 67. Calculate the highest common divisor of 4437 and p.
17
Let r be 91 + -38 + (-16 - -3). What is the greatest common divisor of r and 1220?
20
Let v be (458/4 + -1)/(2/4) + -7. Calculate the greatest common divisor of v and 3564.
44
Suppose -40*r + 2219 - 1481 = -2862. What is the greatest common divisor of r and 126?
18
Let b be 93/15 - 1*2/10. Suppose -q = -22 + 106. Let y be ((-728)/q)/(2/36*2). What is the highest common factor of b and y?
6
Let g(f) = 14*f - 20. Let r be g(2). Suppose -r*n - 4*n = -1140. Calculate the highest common factor of 19 and n.
19
Suppose -4 = 2*f, f + 12 = 4*v - 6. Suppose v*o = -3*q + 47, 3*q = 2*o + 50 - 15. Let u be (-273)/2*(-18)/27. Calculate the highest common factor of u and q.
13
Let w be 33/((-10)/5 + 3). Let j = w - 11. Suppose v - 91 = -5*f, -v = 4*f - 50 - j. Calculate the highest common factor of f and 19.
19
Let m = 147 + -139. Suppose -2*g - 4*l + 1 + 3 = 0, g - 30 = 5*l. Suppose 0 = g*x - 5*x - 440. What is the greatest common divisor of m and x?
8
Let c = 1232 - 638. Let x(n) = 471*n + 4261. Let v be x(-9). What is the greatest common divisor of c and v?
22
Let y(q) = -36 + 25 - 28 - 194 - 111 + 248*q. Let m be y(5). What is the greatest common divisor of m and 28?
28
Let n(a) = 25*a. Let q be n(2). Let v = -47 + q. Let g be (2 - v) + 35 + -1. What is the greatest common divisor of g and 11?
11
Let t(f) = -f**2 - 2*f + 40. Let s be t(4). Suppose -3*p + 1945 = -v, 0 = -4*v - s + 12. What is the greatest common divisor of p and 48?
24
Let l = -456 + 472. Let y be (120/160)/(6/l). Calculate the highest common divisor of y and 118.
2
Suppose -83*i + 11813 = -24*i - 64592. What i